{"id":324,"date":"2025-09-05T17:39:13","date_gmt":"2025-09-05T15:39:13","guid":{"rendered":"https:\/\/elementa-uitikon.ch\/?page_id=324"},"modified":"2025-10-31T14:02:16","modified_gmt":"2025-10-31T13:02:16","slug":"kontakt-terra","status":"publish","type":"page","link":"https:\/\/www.elementa-uitikon.ch\/terra\/kontakt-terra\/","title":{"rendered":"Kontakt"},"content":{"rendered":"\t\t<div data-elementor-type=\"wp-page\" data-elementor-id=\"324\" class=\"elementor elementor-324\" data-elementor-post-type=\"page\">\n\t\t\t\t<div class=\"elementor-element elementor-element-fb27290 e-flex e-con-boxed e-con e-parent\" data-id=\"fb27290\" data-element_type=\"container\" data-e-type=\"container\">\n\t\t\t\t\t<div class=\"e-con-inner\">\n\t\t<div class=\"elementor-element elementor-element-f9c673a e-con-full e-flex e-con e-child\" data-id=\"f9c673a\" data-element_type=\"container\" data-e-type=\"container\">\n\t\t\t\t<div class=\"elementor-element elementor-element-c0483d8 bigimg elementor-widget elementor-widget-image\" data-id=\"c0483d8\" data-element_type=\"widget\" data-e-type=\"widget\" data-widget_type=\"image.default\">\n\t\t\t\t\t\t\t\t\t\t\t\t\t\t\t<img fetchpriority=\"high\" decoding=\"async\" width=\"2560\" height=\"2318\" src=\"https:\/\/www.elementa-uitikon.ch\/terra\/wp-content\/uploads\/2025\/10\/KONTAKT-INTRO_FINAL_Slides-TERRA-scaled.jpg\" class=\"attachment-full size-full wp-image-1612\" alt=\"\" srcset=\"https:\/\/www.elementa-uitikon.ch\/terra\/wp-content\/uploads\/2025\/10\/KONTAKT-INTRO_FINAL_Slides-TERRA-scaled.jpg 2560w, https:\/\/www.elementa-uitikon.ch\/terra\/wp-content\/uploads\/2025\/10\/KONTAKT-INTRO_FINAL_Slides-TERRA-300x272.jpg 300w, https:\/\/www.elementa-uitikon.ch\/terra\/wp-content\/uploads\/2025\/10\/KONTAKT-INTRO_FINAL_Slides-TERRA-1024x927.jpg 1024w, https:\/\/www.elementa-uitikon.ch\/terra\/wp-content\/uploads\/2025\/10\/KONTAKT-INTRO_FINAL_Slides-TERRA-768x695.jpg 768w, https:\/\/www.elementa-uitikon.ch\/terra\/wp-content\/uploads\/2025\/10\/KONTAKT-INTRO_FINAL_Slides-TERRA-1536x1391.jpg 1536w, https:\/\/www.elementa-uitikon.ch\/terra\/wp-content\/uploads\/2025\/10\/KONTAKT-INTRO_FINAL_Slides-TERRA-2048x1854.jpg 2048w\" sizes=\"(max-width: 2560px) 100vw, 2560px\" \/>\t\t\t\t\t\t\t\t\t\t\t\t\t\t\t<\/div>\n\t\t\t\t<\/div>\n\t\t<div class=\"elementor-element elementor-element-95daf55 e-con-full e-flex e-con e-child\" data-id=\"95daf55\" data-element_type=\"container\" data-e-type=\"container\">\n\t\t<div class=\"elementor-element elementor-element-d69db10 e-con-full e-flex e-con e-child\" data-id=\"d69db10\" data-element_type=\"container\" data-e-type=\"container\">\n\t\t\t\t<div class=\"elementor-element elementor-element-fd7cd57 elementor-invisible elementor-widget elementor-widget-heading\" data-id=\"fd7cd57\" data-element_type=\"widget\" data-e-type=\"widget\" data-settings=\"{&quot;_animation&quot;:&quot;slideInRight&quot;,&quot;_animation_tablet&quot;:&quot;slideInLeft&quot;,&quot;_animation_delay&quot;:0}\" data-widget_type=\"heading.default\">\n\t\t\t\t\t<h1 class=\"elementor-heading-title elementor-size-default\">Traumwohnung\nanfragen<\/h1>\t\t\t\t<\/div>\n\t\t\t\t<div class=\"elementor-element elementor-element-d6bfe5f elementor-invisible elementor-widget elementor-widget-heading\" data-id=\"d6bfe5f\" data-element_type=\"widget\" data-e-type=\"widget\" data-settings=\"{&quot;_animation&quot;:&quot;slideInRight&quot;,&quot;_animation_tablet&quot;:&quot;slideInLeft&quot;,&quot;_animation_delay&quot;:300}\" data-widget_type=\"heading.default\">\n\t\t\t\t\t<h5 class=\"elementor-heading-title elementor-size-default\">kontakt<\/h5>\t\t\t\t<\/div>\n\t\t\t\t<\/div>\n\t\t<div class=\"elementor-element elementor-element-fe0369a e-con-full e-flex elementor-invisible e-con e-child\" data-id=\"fe0369a\" data-element_type=\"container\" data-e-type=\"container\" data-settings=\"{&quot;animation&quot;:&quot;fadeIn&quot;,&quot;animation_delay&quot;:800}\">\n\t\t\t\t<div class=\"elementor-element elementor-element-ef70218 elementor-widget elementor-widget-text-editor\" data-id=\"ef70218\" data-element_type=\"widget\" data-e-type=\"widget\" data-widget_type=\"text-editor.default\">\n\t\t\t\t\t\t\t\t\t<div class=\"elementor-element elementor-element-4e17a670 e-flex e-con-boxed e-con e-parent e-lazyloaded animated fadeIn\" data-id=\"4e17a670\" data-element_type=\"container\" data-settings=\"{&quot;animation&quot;:&quot;fadeIn&quot;}\"><div class=\"e-con-inner\"><div class=\"elementor-element elementor-element-7a096775 elementor-widget elementor-widget-text-editor\" data-id=\"7a096775\" data-element_type=\"widget\" data-widget_type=\"text-editor.default\"><div class=\"elementor-widget-container\">Sie m\u00f6chten mehr \u00fcber \u00abTERRA\u00bb erfahren?<\/div><div>\u00a0<\/div><div class=\"elementor-widget-container\">Nehmen Sie jetzt Kontakt mit uns auf \u2013 wir melden uns pers\u00f6nlich bei Ihnen und beantworten Ihre Fragen rund um dieses einzigartige Neubauprojekt.<\/div><\/div><\/div><\/div>\t\t\t\t\t\t\t\t<\/div>\n\t\t\t\t<\/div>\n\t\t\t\t<\/div>\n\t\t\t\t\t<\/div>\n\t\t\t\t<\/div>\n\t\t<div class=\"elementor-element elementor-element-dd54ef3 e-flex e-con-boxed elementor-invisible e-con e-parent\" data-id=\"dd54ef3\" data-element_type=\"container\" data-e-type=\"container\" data-settings=\"{&quot;animation&quot;:&quot;fadeIn&quot;,&quot;background_background&quot;:&quot;classic&quot;,&quot;shape_divider_bottom&quot;:&quot;tilt&quot;}\">\n\t\t\t\t\t<div class=\"e-con-inner\">\n\t\t\t\t<div class=\"elementor-shape elementor-shape-bottom\" aria-hidden=\"true\" data-negative=\"false\">\n\t\t\t<svg xmlns=\"http:\/\/www.w3.org\/2000\/svg\" viewBox=\"0 0 1000 100\" preserveAspectRatio=\"none\">\n\t<path class=\"elementor-shape-fill\" d=\"M0,6V0h1000v100L0,6z\"\/>\n<\/svg>\t\t<\/div>\n\t\t<div class=\"elementor-element elementor-element-cdf053a e-con-full e-flex e-con e-child\" data-id=\"cdf053a\" data-element_type=\"container\" data-e-type=\"container\">\n\t\t\t\t<div class=\"elementor-element elementor-element-7dfdbcd elementor-widget elementor-widget-image\" data-id=\"7dfdbcd\" data-element_type=\"widget\" data-e-type=\"widget\" data-widget_type=\"image.default\">\n\t\t\t\t\t\t\t\t\t\t\t\t\t\t\t<img decoding=\"async\" width=\"1334\" height=\"951\" src=\"https:\/\/www.elementa-uitikon.ch\/terra\/wp-content\/uploads\/2025\/10\/Leonie-Steiner_800_s_extend.jpg\" class=\"attachment-full size-full wp-image-729\" alt=\"\" srcset=\"https:\/\/www.elementa-uitikon.ch\/terra\/wp-content\/uploads\/2025\/10\/Leonie-Steiner_800_s_extend.jpg 1334w, https:\/\/www.elementa-uitikon.ch\/terra\/wp-content\/uploads\/2025\/10\/Leonie-Steiner_800_s_extend-300x214.jpg 300w, https:\/\/www.elementa-uitikon.ch\/terra\/wp-content\/uploads\/2025\/10\/Leonie-Steiner_800_s_extend-1024x730.jpg 1024w, https:\/\/www.elementa-uitikon.ch\/terra\/wp-content\/uploads\/2025\/10\/Leonie-Steiner_800_s_extend-768x548.jpg 768w\" sizes=\"(max-width: 1334px) 100vw, 1334px\" \/>\t\t\t\t\t\t\t\t\t\t\t\t\t\t\t<\/div>\n\t\t\t\t<div class=\"elementor-element elementor-element-c1d706e elementor-widget elementor-widget-text-editor\" data-id=\"c1d706e\" data-element_type=\"widget\" data-e-type=\"widget\" data-widget_type=\"text-editor.default\">\n\t\t\t\t\t\t\t\t\t<p><strong>Leonie Steiner<\/strong><br \/>Stv. Leiterin Neubau <br \/><a href=\"mailto:leonie.steiner@walde.ch\">leonie.steiner@walde.ch<\/a><br \/>+41 44 396 60 06<\/p>\t\t\t\t\t\t\t\t<\/div>\n\t\t\t\t<div class=\"elementor-element elementor-element-8a783a6 elementor-widget elementor-widget-image\" data-id=\"8a783a6\" data-element_type=\"widget\" data-e-type=\"widget\" data-widget_type=\"image.default\">\n\t\t\t\t\t\t\t\t\t\t\t\t\t\t\t\t<a href=\"https:\/\/www.walde.ch\/\" target=\"_blank\">\n\t\t\t\t\t\t\t<img decoding=\"async\" width=\"284\" height=\"58\" src=\"https:\/\/www.elementa-uitikon.ch\/terra\/wp-content\/uploads\/2025\/09\/Walde_Logo_rgb.svg\" class=\"attachment-full size-full wp-image-674\" alt=\"\" \/>\t\t\t\t\t\t\t\t<\/a>\n\t\t\t\t\t\t\t\t\t\t\t\t\t\t\t<\/div>\n\t\t\t\t<div class=\"elementor-element elementor-element-ebed2f4 elementor-widget elementor-widget-text-editor\" data-id=\"ebed2f4\" data-element_type=\"widget\" data-e-type=\"widget\" data-widget_type=\"text-editor.default\">\n\t\t\t\t\t\t\t\t\t<p><strong>WALDE Immobilien AG<\/strong><br \/>Zollikerstrasse 65<br \/>8702 Zollikon<\/p>\t\t\t\t\t\t\t\t<\/div>\n\t\t\t\t<\/div>\n\t\t<div class=\"elementor-element elementor-element-d7a65f6 e-con-full e-flex e-con e-child\" data-id=\"d7a65f6\" data-element_type=\"container\" data-e-type=\"container\">\n\t\t\t\t<div class=\"elementor-element elementor-element-0605667 form-message elementor-widget elementor-widget-text-editor\" data-id=\"0605667\" data-element_type=\"widget\" data-e-type=\"widget\" data-widget_type=\"text-editor.default\">\n\t\t\t\t\t\t\t\t\tIhre \u00dcbermittlung war erfolgreich und Ihnen werden zeitnah die Verkaufsunterlagen zugestellt. F\u00fcr ein pers\u00f6nliches Gespr\u00e4ch freuen wir uns \u00fcber eine direkte Kontaktaufnahme per Email oder Telefon.\t\t\t\t\t\t\t\t<\/div>\n\t\t\t\t<div class=\"elementor-element elementor-element-34ef7dc elementor-button-align-end elementor-mobile-button-align-start myForm elementor-widget elementor-widget-form\" data-id=\"34ef7dc\" data-element_type=\"widget\" data-e-type=\"widget\" id=\"form\" data-settings=\"{&quot;step_next_label&quot;:&quot;Next&quot;,&quot;step_previous_label&quot;:&quot;Previous&quot;,&quot;button_width&quot;:&quot;100&quot;,&quot;step_type&quot;:&quot;number_text&quot;,&quot;step_icon_shape&quot;:&quot;circle&quot;}\" data-widget_type=\"form.default\">\n\t\t\t\t\t\t\t<form class=\"elementor-form\" method=\"post\" name=\"WEBFORM\" aria-label=\"WEBFORM\">\n\t\t\t<input type=\"hidden\" name=\"post_id\" value=\"324\"\/>\n\t\t\t<input type=\"hidden\" name=\"form_id\" value=\"34ef7dc\"\/>\n\t\t\t<input type=\"hidden\" name=\"referer_title\" value=\"Kontakt\" \/>\n\n\t\t\t\t\t\t\t<input type=\"hidden\" name=\"queried_id\" value=\"324\"\/>\n\t\t\t\n\t\t\t<div class=\"elementor-form-fields-wrapper elementor-labels-above\">\n\t\t\t\t\t\t\t\t<div class=\"elementor-field-type-hidden elementor-field-group elementor-column elementor-field-group-Projektlisting elementor-col-100\">\n\t\t\t\t\t\t\t\t\t\t\t\t\t<input size=\"1\" type=\"hidden\" name=\"form_fields[Projektlisting]\" id=\"form-field-Projektlisting\" class=\"elementor-field elementor-size-sm  elementor-field-textual\" value=\"L17.223.NM\">\n\t\t\t\t\t\t\t\t\t\t\t<\/div>\n\t\t\t\t\t\t\t\t<div class=\"elementor-field-type-select elementor-field-group elementor-column elementor-field-group-Anrede elementor-col-100 elementor-field-required elementor-mark-required\">\n\t\t\t\t\t\t\t\t\t\t\t\t<label for=\"form-field-Anrede\" class=\"elementor-field-label\">\n\t\t\t\t\t\t\t\tAnrede\t\t\t\t\t\t\t<\/label>\n\t\t\t\t\t\t\t\t<div class=\"elementor-field elementor-select-wrapper remove-before \">\n\t\t\t<div class=\"select-caret-down-wrapper\">\n\t\t\t\t<svg aria-hidden=\"true\" class=\"e-font-icon-svg e-eicon-caret-down\" viewBox=\"0 0 571.4 571.4\" xmlns=\"http:\/\/www.w3.org\/2000\/svg\"><path d=\"M571 393Q571 407 561 418L311 668Q300 679 286 679T261 668L11 418Q0 407 0 393T11 368 36 357H536Q550 357 561 368T571 393Z\"><\/path><\/svg>\t\t\t<\/div>\n\t\t\t<select name=\"form_fields[Anrede]\" id=\"form-field-Anrede\" class=\"elementor-field-textual elementor-size-sm\" required=\"required\">\n\t\t\t\t\t\t\t\t\t<option value=\"Herr\">Herr<\/option>\n\t\t\t\t\t\t\t\t\t<option value=\"Frau\">Frau<\/option>\n\t\t\t\t\t\t\t<\/select>\n\t\t<\/div>\n\t\t\t\t\t\t<\/div>\n\t\t\t\t\t\t\t\t<div class=\"elementor-field-type-text elementor-field-group elementor-column elementor-field-group-Vorname elementor-col-100 elementor-field-required elementor-mark-required\">\n\t\t\t\t\t\t\t\t\t\t\t\t<label for=\"form-field-Vorname\" class=\"elementor-field-label\">\n\t\t\t\t\t\t\t\tVorname\t\t\t\t\t\t\t<\/label>\n\t\t\t\t\t\t\t\t\t\t\t\t\t\t<input size=\"1\" type=\"text\" name=\"form_fields[Vorname]\" id=\"form-field-Vorname\" class=\"elementor-field elementor-size-sm  elementor-field-textual\" required=\"required\">\n\t\t\t\t\t\t\t\t\t\t\t<\/div>\n\t\t\t\t\t\t\t\t<div class=\"elementor-field-type-text elementor-field-group elementor-column elementor-field-group-Nachname elementor-col-100 elementor-field-required elementor-mark-required\">\n\t\t\t\t\t\t\t\t\t\t\t\t<label for=\"form-field-Nachname\" class=\"elementor-field-label\">\n\t\t\t\t\t\t\t\tNachname\t\t\t\t\t\t\t<\/label>\n\t\t\t\t\t\t\t\t\t\t\t\t\t\t<input size=\"1\" type=\"text\" name=\"form_fields[Nachname]\" id=\"form-field-Nachname\" class=\"elementor-field elementor-size-sm  elementor-field-textual\" required=\"required\">\n\t\t\t\t\t\t\t\t\t\t\t<\/div>\n\t\t\t\t\t\t\t\t<div class=\"elementor-field-type-email elementor-field-group elementor-column elementor-field-group-Email elementor-col-100 elementor-field-required elementor-mark-required\">\n\t\t\t\t\t\t\t\t\t\t\t\t<label for=\"form-field-Email\" class=\"elementor-field-label\">\n\t\t\t\t\t\t\t\tE-Mail\t\t\t\t\t\t\t<\/label>\n\t\t\t\t\t\t\t\t\t\t\t\t\t\t<input size=\"1\" type=\"email\" name=\"form_fields[Email]\" id=\"form-field-Email\" class=\"elementor-field elementor-size-sm  elementor-field-textual\" required=\"required\">\n\t\t\t\t\t\t\t\t\t\t\t<\/div>\n\t\t\t\t\t\t\t\t<div class=\"elementor-field-type-text elementor-field-group elementor-column elementor-field-group-Telefon elementor-col-100 elementor-field-required elementor-mark-required\">\n\t\t\t\t\t\t\t\t\t\t\t\t<label for=\"form-field-Telefon\" class=\"elementor-field-label\">\n\t\t\t\t\t\t\t\tTelefon\t\t\t\t\t\t\t<\/label>\n\t\t\t\t\t\t\t\t\t\t\t\t\t\t<input size=\"1\" type=\"text\" name=\"form_fields[Telefon]\" id=\"form-field-Telefon\" class=\"elementor-field elementor-size-sm  elementor-field-textual\" placeholder=\"+41 12 345 6789\" required=\"required\">\n\t\t\t\t\t\t\t\t\t\t\t<\/div>\n\t\t\t\t\t\t\t\t<div class=\"elementor-field-type-text elementor-field-group elementor-column elementor-field-group-Strasse elementor-col-100 elementor-field-required elementor-mark-required\">\n\t\t\t\t\t\t\t\t\t\t\t\t<label for=\"form-field-Strasse\" class=\"elementor-field-label\">\n\t\t\t\t\t\t\t\tStrasse\t\t\t\t\t\t\t<\/label>\n\t\t\t\t\t\t\t\t\t\t\t\t\t\t<input size=\"1\" type=\"text\" name=\"form_fields[Strasse]\" id=\"form-field-Strasse\" class=\"elementor-field elementor-size-sm  elementor-field-textual\" required=\"required\">\n\t\t\t\t\t\t\t\t\t\t\t<\/div>\n\t\t\t\t\t\t\t\t<div class=\"elementor-field-type-number elementor-field-group elementor-column elementor-field-group-PLZ elementor-col-100 elementor-field-required elementor-mark-required\">\n\t\t\t\t\t\t\t\t\t\t\t\t<label for=\"form-field-PLZ\" class=\"elementor-field-label\">\n\t\t\t\t\t\t\t\tPLZ\t\t\t\t\t\t\t<\/label>\n\t\t\t\t\t\t\t\t\t<input type=\"number\" name=\"form_fields[PLZ]\" id=\"form-field-PLZ\" class=\"elementor-field elementor-size-sm  elementor-field-textual\" required=\"required\" min=\"\" max=\"\" >\n\t\t\t\t\t\t<\/div>\n\t\t\t\t\t\t\t\t<div class=\"elementor-field-type-text elementor-field-group elementor-column elementor-field-group-Ort elementor-col-100 elementor-field-required elementor-mark-required\">\n\t\t\t\t\t\t\t\t\t\t\t\t<label for=\"form-field-Ort\" class=\"elementor-field-label\">\n\t\t\t\t\t\t\t\tOrt\t\t\t\t\t\t\t<\/label>\n\t\t\t\t\t\t\t\t\t\t\t\t\t\t<input size=\"1\" type=\"text\" name=\"form_fields[Ort]\" id=\"form-field-Ort\" class=\"elementor-field elementor-size-sm  elementor-field-textual\" required=\"required\">\n\t\t\t\t\t\t\t\t\t\t\t<\/div>\n\t\t\t\t\t\t\t\t<div class=\"elementor-field-type-select elementor-field-group elementor-column elementor-field-group-Wohnsituation elementor-col-100\">\n\t\t\t\t\t\t\t\t\t\t\t\t<label for=\"form-field-Wohnsituation\" class=\"elementor-field-label\">\n\t\t\t\t\t\t\t\tAktuelle Wohnsituation\t\t\t\t\t\t\t<\/label>\n\t\t\t\t\t\t\t\t<div class=\"elementor-field elementor-select-wrapper remove-before \">\n\t\t\t<div class=\"select-caret-down-wrapper\">\n\t\t\t\t<svg aria-hidden=\"true\" class=\"e-font-icon-svg e-eicon-caret-down\" viewBox=\"0 0 571.4 571.4\" xmlns=\"http:\/\/www.w3.org\/2000\/svg\"><path d=\"M571 393Q571 407 561 418L311 668Q300 679 286 679T261 668L11 418Q0 407 0 393T11 368 36 357H536Q550 357 561 368T571 393Z\"><\/path><\/svg>\t\t\t<\/div>\n\t\t\t<select name=\"form_fields[Wohnsituation]\" id=\"form-field-Wohnsituation\" class=\"elementor-field-textual elementor-size-sm\">\n\t\t\t\t\t\t\t\t\t<option value=\"Keine Angabe\">Keine Angabe<\/option>\n\t\t\t\t\t\t\t\t\t<option value=\"Eigent\u00fcmer (Haus)\">Eigent\u00fcmer (Haus)<\/option>\n\t\t\t\t\t\t\t\t\t<option value=\"Eigent\u00fcmer (Wohnung)\">Eigent\u00fcmer (Wohnung)<\/option>\n\t\t\t\t\t\t\t\t\t<option value=\"Mieter (Haus)\">Mieter (Haus)<\/option>\n\t\t\t\t\t\t\t\t\t<option value=\"Mieter (Wohnung)\">Mieter (Wohnung)<\/option>\n\t\t\t\t\t\t\t<\/select>\n\t\t<\/div>\n\t\t\t\t\t\t<\/div>\n\t\t\t\t\t\t\t\t<div class=\"elementor-field-type-radio elementor-field-group elementor-column elementor-field-group-field_cf6e34e elementor-col-100 elementor-field-required elementor-mark-required\">\n\t\t\t\t\t\t\t\t\t\t\t\t<label for=\"form-field-field_cf6e34e\" class=\"elementor-field-label\">\n\t\t\t\t\t\t\t\t \t\t\t\t\t\t\t<\/label>\n\t\t\t\t\t\t<div class=\"elementor-field-subgroup  \"><span class=\"elementor-field-option\"><input type=\"radio\" value=\"Ich akzeptiere die &lt;a class=&quot;form__link&quot; href=&quot;https:\/\/www.walde.ch\/datenschutzerklaerung&quot; target=&quot;_blank&quot;&gt;Datenschutzerkl\u00e4rung.&lt;\/a&gt;&lt;br&gt;&lt;span style=&quot;color: #C5BB9B;&quot;&gt;* &lt;\/span&gt;Pflichtfelder\" id=\"form-field-field_cf6e34e-0\" name=\"form_fields[field_cf6e34e]\" required=\"required\"> <label for=\"form-field-field_cf6e34e-0\">Ich akzeptiere die <a class=\"form__link\" href=\"https:\/\/www.walde.ch\/datenschutzerklaerung\" target=\"_blank\">Datenschutzerkl\u00e4rung.<\/a><br><span style=\"color: #C5BB9B;\">* <\/span>Pflichtfelder<\/label><\/span><\/div>\t\t\t\t<\/div>\n\t\t\t\t\t\t\t\t<div class=\"elementor-field-type-html elementor-field-group elementor-column elementor-field-group-field_a5d5398 elementor-col-100\">\n\t\t\t\t\t<script>\ndocument.addEventListener('DOMContentLoaded', function() {\n  const phoneNumberInput = document.getElementById('form-field-Telefon');\n\n  phoneNumberInput.addEventListener('input', formatPhoneNumber);\n\n  function formatPhoneNumber() {\n    let inputValue = phoneNumberInput.value;\n    inputValue = inputValue.replace(\/\\D\/g, ''); \/\/ Entferne alle nicht-numerischen Zeichen\n\n    let countryCode = '';\n    let numberPart = inputValue;\n\n    \/\/ \u00dcberpr\u00fcfen, ob ein L\u00e4ndercode (z.B. 41) vorhanden ist\n    if (inputValue.startsWith('41')) {\n      countryCode = '+41 ';\n      numberPart = inputValue.slice(2);\n    } else if (inputValue.startsWith('01')) {\n        countryCode = '+1 ';\n        numberPart = inputValue.slice(2);\n    } else if (inputValue.startsWith('49')) {\n        countryCode = '+49 ';\n        numberPart = inputValue.slice(2);\n    } else if (inputValue.startsWith('43')) {\n        countryCode = '+43 ';\n        numberPart = inputValue.slice(2);\n    } else if (inputValue.startsWith('39')) {\n        countryCode = '+39 ';\n        numberPart = inputValue.slice(2);\n    } else if (inputValue.startsWith('33')) {\n        countryCode = '+33 ';\n        numberPart = inputValue.slice(2);\n    }\n\n    \/\/Hier k\u00f6nnen weitere L\u00e4nderkennungen hinzugef\u00fcgt werden\n\n    if (numberPart.length > 11) {\n      numberPart = numberPart.slice(0, 11); \/\/ Beschr\u00e4nke die L\u00e4nge auf 9 Ziffern\n    }\n\n    let formattedValue = countryCode;\n\n    if (numberPart.length > 6) {\n      const prefix = numberPart.slice(0, 2);\n      const middle = numberPart.slice(2, 5);\n      const last = numberPart.slice(5, 11);\n      formattedValue += `${prefix} ${middle} ${last}`;\n    } else if (numberPart.length > 2) {\n      const prefix = numberPart.slice(0, 2);\n      const middle = numberPart.slice(2, numberPart.length);\n      formattedValue += `${prefix} ${middle}`;\n    } else {\n      formattedValue += numberPart;\n    }\n\n    phoneNumberInput.value = formattedValue;\n  }\n});\n<\/script>\t\t\t\t<\/div>\n\t\t\t\t\t\t\t\t<div class=\"elementor-field-group elementor-column elementor-field-type-submit elementor-col-100 e-form__buttons\">\n\t\t\t\t\t<button class=\"elementor-button elementor-size-sm\" type=\"submit\">\n\t\t\t\t\t\t<span class=\"elementor-button-content-wrapper\">\n\t\t\t\t\t\t\t\t\t\t\t\t\t\t\t\t\t\t\t\t\t\t<span class=\"elementor-button-text\">Verkaufsdokumentation anfordern<\/span>\n\t\t\t\t\t\t\t\t\t\t\t\t\t<\/span>\n\t\t\t\t\t<\/button>\n\t\t\t\t<\/div>\n\t\t\t<\/div>\n\t\t<\/form>\n\t\t\t\t\t\t<\/div>\n\t\t\t\t<div class=\"elementor-element elementor-element-6fb7f8b elementor-widget elementor-widget-html\" data-id=\"6fb7f8b\" data-element_type=\"widget\" data-e-type=\"widget\" data-widget_type=\"html.default\">\n\t\t\t\t\t<script>\njQuery(document).ready(function($){\n    \/\/ Pr\u00fcfen, ob der Submit-Status im sessionStorage vorhanden ist\n    const formSubmit = sessionStorage.getItem('formSubmit'); \/\/ <-- GE\u00c4NDERT\n\n    if(formSubmit){\n        \/\/ Wenn ja, Formular ausblenden und Nachricht anzeigen\n        console.log('form submitted in this session');\n        $('.myForm').hide();\n        $('.form-message').show();\n\n        \/\/ Den Status aus sessionStorage entfernen\n        sessionStorage.removeItem('formSubmit'); \/\/ <-- GE\u00c4NDERT\n    }\n\n    $('#form').submit(function(e){\n        \/\/ Hinweis: Wenn das Formular die Seite NICHT neu laden soll\n        \/\/ (z.B. bei einer AJAX-Anfrage), musst du e.preventDefault() verwenden.\n        \/\/ e.preventDefault(); \n\n        \/\/ Status im sessionStorage setzen\n        sessionStorage.setItem('formSubmit', 'true'); \/\/ <-- GE\u00c4NDERT\n        \n        \/\/ Diese Zeilen sind n\u00fctzlich, falls du e.preventDefault() verwendest.\n        \/\/ Wenn die Seite neu l\u00e4dt, \u00fcbernimmt die Logik oben die Anzeige.\n        $('.myForm').hide();\n        $('.form-message').show();\n    });\n});\n<\/script>\t\t\t\t<\/div>\n\t\t\t\t<\/div>\n\t\t\t\t\t<\/div>\n\t\t\t\t<\/div>\n\t\t\t\t<\/div>\n\t\t","protected":false},"excerpt":{"rendered":"<p>Traumwohnung anfragen kontakt Sie m\u00f6chten mehr \u00fcber \u00abTERRA\u00bb erfahren?\u00a0Nehmen Sie jetzt Kontakt mit uns auf \u2013 wir melden uns pers\u00f6nlich bei Ihnen und beantworten Ihre Fragen rund um dieses einzigartige Neubauprojekt. Leonie SteinerStv. Leiterin Neubau leonie.steiner@walde.ch+41 44 396 60 06 WALDE Immobilien AGZollikerstrasse 658702 Zollikon Ihre \u00dcbermittlung war erfolgreich und Ihnen werden zeitnah die Verkaufsunterlagen [&hellip;]<\/p>\n","protected":false},"author":1,"featured_media":0,"parent":0,"menu_order":0,"comment_status":"closed","ping_status":"closed","template":"","meta":{"footnotes":""},"class_list":["post-324","page","type-page","status-publish","hentry"],"_links":{"self":[{"href":"https:\/\/www.elementa-uitikon.ch\/terra\/wp-json\/wp\/v2\/pages\/324","targetHints":{"allow":["GET"]}}],"collection":[{"href":"https:\/\/www.elementa-uitikon.ch\/terra\/wp-json\/wp\/v2\/pages"}],"about":[{"href":"https:\/\/www.elementa-uitikon.ch\/terra\/wp-json\/wp\/v2\/types\/page"}],"author":[{"embeddable":true,"href":"https:\/\/www.elementa-uitikon.ch\/terra\/wp-json\/wp\/v2\/users\/1"}],"replies":[{"embeddable":true,"href":"https:\/\/www.elementa-uitikon.ch\/terra\/wp-json\/wp\/v2\/comments?post=324"}],"version-history":[{"count":106,"href":"https:\/\/www.elementa-uitikon.ch\/terra\/wp-json\/wp\/v2\/pages\/324\/revisions"}],"predecessor-version":[{"id":1668,"href":"https:\/\/www.elementa-uitikon.ch\/terra\/wp-json\/wp\/v2\/pages\/324\/revisions\/1668"}],"wp:attachment":[{"href":"https:\/\/www.elementa-uitikon.ch\/terra\/wp-json\/wp\/v2\/media?parent=324"}],"curies":[{"name":"wp","href":"https:\/\/api.w.org\/{rel}","templated":true}]}}